9956.
2, 3, 17, 29, 191
List the prime factors of 1096534.
2, 17, 32251
What are the prime factors of 11624?
2, 1453
What are the prime factors of 691630?
2, 5, 69163
List the prime factors of 514509.
3, 41, 47, 89
What are the prime factors of 583359?
3, 7, 27779
What are the prime factors of 229595?
5, 47, 977
List the prime factors of 1902581.
113, 149
What are the prime factors of 39904?
2, 29, 43
What are the prime factors of 115179?
3, 38393
List the prime factors of 1008968.
2, 29, 4349
What are the prime factors of 682680?
2, 3, 5, 5689
List the prime factors of 797974.
2, 89, 4483
What are the prime factors of 13600789?
19, 313, 2287
List the prime factors of 27318246.
2, 3, 2063, 2207
What are the prime factors of 2304452?
2, 17, 33889
List the prime factors of 398561.
41, 9721
What are the prime factors of 401324?
2, 7, 11, 1303
What are the prime factors of 14106134?
2, 7, 643, 1567
List the prime factors of 1531622.
2, 181, 4231
What are the prime factors of 220841?
220841
What are the prime factors of 2474640?
2, 3, 5, 7, 491
List the prime factors of 19044212.
2, 11, 47, 9209
List the prime factors of 229942.
2, 17, 6763
List the prime factors of 823140.
2, 3, 5, 17, 269
What are the prime factors of 3386325?
3, 5, 163, 277
What are the prime factors of 2084699?
19, 109721
What are the prime factors of 3616697?
7, 47, 10993
List the prime factors of 24990626.
2, 12495313
What are the prime factors of 2753184?
2, 3, 7, 17, 241
List the prime factors of 11776898.
2, 7, 841207
What are the prime factors of 572801?
572801
List the prime factors of 5886595.
5, 11, 13, 8233
List the prime factors of 47605.
5, 9521
List the prime factors of 7289047.
7289047
What are the prime factors of 19181562?
2, 3, 3196927
What are the prime factors of 25749?
3, 2861
What are the prime factors of 22265020?
2, 5, 139, 8009
List the prime factors of 417543.
3, 7, 59, 337
What are the prime factors of 8119674?
2, 3, 451093
What are the prime factors of 571098?
2, 3, 11, 17, 509
What are the prime factors of 8305353?
3, 7, 37, 509
List the prime factors of 4535834.
2, 2267917
List the prime factors of 168543.
3, 61, 307
List the prime factors of 907552.
2, 79, 359
What are the prime factors of 131605?
5, 26321
What are the prime factors of 181831?
13, 71, 197
What are the prime factors of 3020920?
2, 5, 7, 10789
What are the prime factors of 42997?
19, 31, 73
List the prime factors of 61215.
3, 5, 7, 11, 53
What are the prime factors of 3015564?
2, 3, 251297
List the prime factors of 646330.
2, 5, 64633
List the prime factors of 506145.
3, 5, 41, 823
List the prime factors of 1908854.
2, 19, 191, 263
List the prime factors of 2287299.
3, 7, 17, 43, 149
List the prime factors of 879826.
2, 103, 4271
What are the prime factors of 20341?
20341
List the prime factors of 1844357.
1844357
List the prime factors of 16294015.
5, 41, 61, 1303
What are the prime factors of 319816?
2, 7, 5711
What are the prime factors of 163062?
2, 3, 9059
What are the prime factors of 82633?
82633
List the prime factors of 178167.
3, 11, 5399
List the prime factors of 13044145.
5, 47, 1181
List the prime factors of 455783.
455783
What are the prime factors of 2921180?
2, 5, 146059
List the prime factors of 33106.
2, 16553
What are the prime factors of 1500152?
2, 23, 31, 263
List the prime factors of 153778.
2, 23, 3343
List the prime factors of 211216.
2, 43, 307
What are the prime factors of 14699340?
2, 3, 5, 163, 167
List the prime factors of 5408183.
11, 491653
List the prime factors of 132780.
2, 3, 5, 2213
List the prime factors of 6252460.
2, 5, 312623
What are the prime factors of 751789?
113, 6653
List the prime factors of 265010.
2, 5, 26501
What are the prime factors of 1401230?
2, 5, 140123
What are the prime factors of 194415?
3, 5, 13, 997
What are the prime factors of 320437?
13, 157
What are the prime factors of 790555?
5, 43, 3677
What are the prime factors of 707268?
2, 3, 17, 3467
List the prime factors of 294207.
3, 281, 349
List the prime factors of 13324151.
13324151
List the prime factors of 2248021.
2248021
What are the prime factors of 17220029?
17220029
List the prime factors of 267495.
3, 5, 17, 1049
What are the prime factors of 500151?
3, 293, 569
What are the prime factors of 13657694?
2, 19, 107, 3359
What are the prime factors of 45049?
19, 2371
What are the prime factors of 7822966?
2, 577, 6779
What are the prime factors of 74319?
3, 7, 3539
List the prime factors of 420590.
2, 5, 137, 307
What are the prime factors of 1580293?
11, 13, 43, 257
List the prime factors of 15203756.
2, 109, 34871
List the prime factors of 1091255.
5, 11, 19841
List the prime factors of 495735.
3, 5, 33049
List the prime factors of 43275.
3, 5, 577
List the prime factors of 315951.
3, 19, 23, 241
List the prime factors of 806714.
2, 251, 1607
What are the prime factors of 6829130?
2, 5, 7, 11, 181
What are the prime factors of 2196540?
2, 3, 5, 12203
List the prime factors of 324517.
324517
List the prime factors of 311117.
17, 18301
What are the prime factors of 3861283?
37, 79, 1321
What are the prime factors of 440762?
2, 7, 19, 1657
List the prime factors of 697176.
2, 3, 23, 421
What are the prime factors of 1571403?
3, 523801
List the prime factors of 6695801.
7, 136649
What are the prime factors of 364811?
89, 4099
List the prime factors of 3561723.
3, 11, 35977
List the prime factors of 1350179.
191, 7069
What are the prime factors of 2965524?
2, 3, 421, 587
What are the prime factors of 8988961?
163, 55147
List the prime factors of 488011.
488011
What are the prime factors of 15117357?
3, 5039119
List the prime factors of 254645.
5, 50929
List the prime factors of 861007.
7, 123001
What are the prime factors of 76820?
2, 5, 23, 167
List the prime factors of 52130.
2, 5, 13, 401
List the prime factors of 3359832.
2, 3, 7, 2857
What are the prime factors of 692451?
3, 47, 1637
List the prime factors of 601791.
3, 200597
List the prime factors of 3123938.
2, 29, 53861
List the prime factors of 41979.
3, 7, 1999
What are the prime factors of 132398?
2, 7, 193
What are the prime factors of 16248?
2, 3, 677
List the prime factors of 261363.
3, 87121
List the prime factors of 9722586.
2, 3, 1620431
List the prime factors of 3991252.
2, 997813
List the prime factors of 5204287.
11, 473117
List the prime factors of 211318.
2, 19, 67, 83
What are the prime factors of 3401841?
3, 1133947
List the prime factors of 242247.
3, 80749
What are the prime factors of 239665?
5, 47933
List the prime factors of 1074532.
2, 353, 761
List the prime factors of 646396.
2, 161599
List the prime factors of 5816755.
5, 7, 19, 8747
List the prime factors of 6124833.
3, 11, 13, 4759
What are the prime factors of 842509?
41, 20549
What are the prime factors of 737218?
2, 368609
List the prime factors of 178307.
178307
List the prime factors of 6298135.
5, 1259627
List the prime factors of 7546548.
2, 3, 257, 2447
What are the prime factors of 10138713?
3, 13, 259967
List the prime factors of 10119542.
2, 5059771
What are the prime factors of 58104?
2, 3, 269
List the prime factors of 6584000.
2, 5, 823
What are the prime factors of 34410450?
2, 3, 5, 229403
List the prime factors of 2056812.
2, 3, 171401
What are the prime factors of 30346159?
97, 269, 1163
What are the prime factors of 12636744?
2, 3, 526531
What are the prime factors of 20242851?
3, 6747617
List the prime factors of 22272926.
2, 13, 103, 8317
List the prime factors of 1502484.
2, 3, 125207
What are the prime factors of 504658?
2, 7, 11, 29, 113
What are the prime factors of 342899?
342899
List the prime factors of 21170001.
3, 7056667
What are the prime factors of 181225?
5, 11, 659
What are the prime factors of 15555326?
2, 7777663
What are the prime factors of 7098?
2, 3, 7, 13
List the prime factors of 5017010.
2, 5, 501701
What are the prime factors of 1245091?
1245091
List the prime factors of 10431235.
5, 523, 3989
List the prime factors of 25702585.
5, 5140517
What are the prime factors of 484843?
137, 3539
List the prime factors of 13888360.
2, 5, 347209
List the prime factors of 20344755.
3, 5, 709, 1913
What are the prime factors of 22192568?
2, 2774071
What are the prime factors of 837255?
3, 5, 55817
